vided by 247.
244
Calculate the remainder when 93266 is divided by 6076.
2126
Calculate the remainder when 15858 is divided by 771.
438
What is the remainder when 16592451 is divided by 754188?
315
Calculate the remainder when 710544 is divided by 825.
219
Calculate the remainder when 199852 is divided by 2236.
848
Calculate the remainder when 45717 is divided by 171.
60
Calculate the remainder when 2187633 is divided by 1591.
8
What is the remainder when 6369759 is divided by 19186?
7
Calculate the remainder when 1962740 is divided by 1962669.
71
Calculate the remainder when 602793 is divided by 1248.
9
Calculate the remainder when 189466 is divided by 47365.
6
What is the remainder when 3517224 is divided by 219826?
8
Calculate the remainder when 17729351 is divided by 1483.
86
What is the remainder when 553185 is divided by 47?
42
What is the remainder when 6600787 is divided by 1650194?
11
Calculate the remainder when 1755577 is divided by 17914.
5
What is the remainder when 33028892 is divided by 33028887?
5
Calculate the remainder when 18902 is divided by 18623.
279
What is the remainder when 487112 is divided by 8?
0
What is the remainder when 51347268 is divided by 2939?
2938
What is the remainder when 207949668 is divided by 46?
44
Calculate the remainder when 140786 is divided by 68.
26
What is the remainder when 2272 is divided by 2131?
141
Calculate the remainder when 1874340 is divided by 535.
235
What is the remainder when 130963730 is divided by 2219724?
14
What is the remainder when 56897023 is divided by 56897005?
18
What is the remainder when 274705027 is divided by 14?
9
What is the remainder when 11013781 is divided by 26099?
3
What is the remainder when 154622826 is divided by 2352?
2346
What is the remainder when 17713170 is divided by 418?
2
Calculate the remainder when 5520549 is divided by 12.
9
What is the remainder when 1703397 is divided by 300?
297
What is the remainder when 18148 is divided by 1032?
604
What is the remainder when 212475726 is divided by 8?
6
What is the remainder when 93346 is divided by 776?
226
What is the remainder when 41827 is divided by 41682?
145
What is the remainder when 811950 is divided by 8039?
11
Calculate the remainder when 9114563 is divided by 3038179.
26
Calculate the remainder when 891952 is divided by 68608.
48
Calculate the remainder when 13176283 is divided by 230.
43
Calculate the remainder when 224428 is divided by 303.
208
What is the remainder when 2168479 is divided by 312?
79
Calculate the remainder when 277628 is divided by 1123.
247
What is the remainder when 2925995 is divided by 974748?
1751
Calculate the remainder when 834295 is divided by 357.
343
What is the remainder when 108348257 is divided by 43?
39
What is the remainder when 114481 is divided by 35?
31
What is the remainder when 12366856 is divided by 42?
40
What is the remainder when 5234615 is divided by 71?
69
Calculate the remainder when 174953 is divided by 283.
59
Calculate the remainder when 168688 is divided by 2031.
115
Calculate the remainder when 731720 is divided by 1432.
1400
What is the remainder when 1664531 is divided by 159?
119
Calculate the remainder when 133345 is divided by 131857.
1488
What is the remainder when 8287379 is divided by 4504?
19
What is the remainder when 544226 is divided by 271674?
878
What is the remainder when 624118 is divided by 2801?
2296
What is the remainder when 59202155 is divided by 5363?
5361
What is the remainder when 364110 is divided by 72818?
20
Calculate the remainder when 77575175 is divided by 38.
37
What is the remainder when 245918 is divided by 2158?
2064
What is the remainder when 133307217 is divided by 1040?
17
Calculate the remainder when 10578306 is divided by 2013.
2004
Calculate the remainder when 629893 is divided by 532.
5
What is the remainder when 2982542 is divided by 889?
836
What is the remainder when 663072 is divided by 34898?
10
What is the remainder when 3304625 is divided by 4962?
4895
What is the remainder when 3406 is divided by 1456?
494
What is the remainder when 344220 is divided by 3442?
20
Calculate the remainder when 271409 is divided by 30052.
941
What is the remainder when 6657352 is divided by 131?
63
What is the remainder when 19868294 is divided by 950?
944
What is the remainder when 1012156 is divided by 6103?
5161
Calculate the remainder when 39995 is divided by 556.
519
Calculate the remainder when 32913 is divided by 5421.
387
What is the remainder when 77049704 is divided by 10982?
10974
What is the remainder when 1146972 is divided by 3100?
3072
Calculate the remainder when 174440 is divided by 4977.
245
What is the remainder when 4453678 is divided by 725?
3
What is the remainder when 103066 is divided by 4847?
1279
Calculate the remainder when 84815 is divided by 3245.
445
What is the remainder when 17725962 is divided by 9964?
6
Calculate the remainder when 151767 is divided by 2487.
60
What is the remainder when 534788333 is divided by 545?
543
What is the remainder when 1331649 is divided by 49311?
252
Calculate the remainder when 79246868 is divided by 76.
72
What is the remainder when 71741004 is divided by 39?
36
Calculate the remainder when 14002 is divided by 1524.
286
Calculate the remainder when 447827 is divided by 88.
83
Calculate the remainder when 28034 is divided by 27959.
75
Calculate the remainder when 154604 is divided by 378.
2
Calculate the remainder when 144704835 is divided by 186.
183
What is the remainder when 1238152 is divided by 103176?
40
Calculate the remainder when 27261855 is divided by 63106.
63
What is the remainder when 51900 is divided by 5120?
700
Calculate the remainder when 2043760 is divided by 34637.
177
What is the remainder when 568848 is divided by 1639?
115
What is the remainder when 2118334 is divided by 6968?
62
Calculate the remainder when 17974402 is divided by 107.
7
Calculate the remainder when 178456 is divided by 461.
49
Calculate the remainder when 32892655 is divided by 546.
523
Calculate the remainder when 29618997 is divided by 270.
267
What is the remainder when 633538 is divided by 633528?
10
What is the remainder when 279210 is divided by 58?
56
Calculate the remainder when 1544789 is divided by 124.
121
What is the remainder when 383748 is divided by 126?
78
Calculate the remainder when 9532672 is divided by 25.
22
What is the remainder when 3094928 is divided by 6802?
18
What is the remainder when 57501 is divided by 2633?
2208
What is the remainder when 68580530 is divided by 22860168?
26
Calculate the remainder when 121450955 is divided by 11.
10
Calculate the remainder when 1956916 is divided by 1359.
1315
What is the remainder when 23253263 is divided by 17710?
33
What is the remainder when 1575325 is divided by 4086?
2215
What is the remainder when 10859029 is divided by 171?
16
Calculate the remainder when 1115302 is divided by 27882.
22
Calculate the remainder when 154032 is divided by 154029.
3
What is the remainder when 44338 is divided by 1078?
140
What is the remainder when 20041238 is divided by 10020595?
48
Calculate the remainder when 12195877 is divided by 1568.
1541
Calculate the remainder when 236535073 is divided by 525.
523
What is the remainder when 13093629 is divided by 215?
129
What is the remainder when 313267027 is divided by 3?
1
What is the remainder when 257902576 is divided by 6?
4
What is the remainder when 6950906 is divided by 8560?
186
Calculate the remainder when 9071 is divided by 3020.
11
Calculate the remainder when 27051 is divided by 8498.
1557
What is the remainder when 3190116 is divided by 69?
39
Calculate the remainder when 133942 is divided by 66938.
66
Calculate the remainder when 3838 is divided by 1618.
602
What is the remainder when 3780712 is divided by 756133?
47
Calculate the remainder when 2063144 is divided by 237.
59
Calculate the remainder when 361585 is divided by 180650.
285
What is the remainder when 47636 is divided by 854?
666
Calculate the remainder when 22391330 is divided by 93.
92
Calculate the remainder when 655752 is divided by 32787.
12
Calculate the remainder when 3265582 is divided by 227.
187
What is the remainder when 151220840 is divided by 316?
304
Calculate the remainder whe